{"id":22,"date":"2022-01-04T10:09:59","date_gmt":"2022-01-04T13:09:59","guid":{"rendered":"https:\/\/milancontabilidade.com.br\/index.php\/testimonials\/"},"modified":"2024-01-20T13:18:08","modified_gmt":"2024-01-20T16:18:08","slug":"assessoria-e-consultoria-fiscal","status":"publish","type":"page","link":"https:\/\/milancontabilidade.com.br\/index.php\/assessoria-e-consultoria-fiscal\/","title":{"rendered":"Assessoria e Consultoria Fiscal"},"content":{"rendered":"\t\t<div data-elementor-type=\"wp-page\" data-elementor-id=\"22\" class=\"elementor elementor-22\">\n\t\t\t\t\t\t<section class=\"elementor-section elementor-top-section elementor-element elementor-element-6e2e0fd elementor-section-full_width elementor-section-height-default elementor-section-height-default\" data-id=\"6e2e0fd\" data-element_type=\"section\" data-settings=\"{&quot;background_background&quot;:&quot;gradient&quot;,&quot;shape_divider_bottom&quot;:&quot;tilt&quot;}\">\n\t\t\t\t\t<div class=\"elementor-shape elementor-shape-bottom\" aria-hidden=\"true\" data-negative=\"false\">\n\t\t\t<svg xmlns=\"http:\/\/www.w3.org\/2000\/svg\" viewBox=\"0 0 1000 100\" preserveAspectRatio=\"none\">\n\t<path class=\"elementor-shape-fill\" d=\"M0,6V0h1000v100L0,6z\"\/>\n<\/svg>\t\t<\/div>\n\t\t\t\t\t<div class=\"elementor-container elementor-column-gap-default\">\n\t\t\t\t\t<div class=\"elementor-column elementor-col-100 elementor-top-column elementor-element elementor-element-eb319f4\" data-id=\"eb319f4\" data-element_type=\"column\">\n\t\t\t<div class=\"elementor-widget-wrap elementor-element-populated\">\n\t\t\t\t\t\t<section class=\"elementor-section elementor-inner-section elementor-element elementor-element-e5d942c elementor-reverse-mobile elementor-section-boxed elementor-section-height-default elementor-section-height-default\" data-id=\"e5d942c\" data-element_type=\"section\">\n\t\t\t\t\t\t<div class=\"elementor-container elementor-column-gap-default\">\n\t\t\t\t\t<div class=\"elementor-column elementor-col-100 elementor-inner-column elementor-element elementor-element-7f92bae\" data-id=\"7f92bae\" data-element_type=\"column\">\n\t\t\t<div class=\"elementor-widget-wrap elementor-element-populated\">\n\t\t\t\t\t\t<div class=\"elementor-element elementor-element-f312d4d elementor-widget elementor-widget-heading\" data-id=\"f312d4d\" data-element_type=\"widget\" data-widget_type=\"heading.default\">\n\t\t\t\t<div class=\"elementor-widget-container\">\n\t\t\t\t\t<h1 class=\"elementor-heading-title elementor-size-default\">Assessoria e Consultoria Fiscal<\/h1>\t\t\t\t<\/div>\n\t\t\t\t<\/div>\n\t\t\t\t<div class=\"elementor-element elementor-element-80fa201 elementor-widget elementor-widget-text-editor\" data-id=\"80fa201\" data-element_type=\"widget\" data-widget_type=\"text-editor.default\">\n\t\t\t\t<div class=\"elementor-widget-container\">\n\t\t\t\t\t\t\t\t\t<p>O Brasil \u00e9 um dos pa\u00edses mais complexos quando o assunto s\u00e3o as obriga\u00e7\u00f5es tribut\u00e1rias de uma empresa. O alto grau de burocracia e de leis podem deixar muitos empreendedores inseguros sobre a melhor forma de lidar com essas quest\u00f5es. Um erro comum, por exemplo, \u00e9 a elabora\u00e7\u00e3o e envio de obriga\u00e7\u00f5es acess\u00f3rias equivocadas e o recolhimento de tributos de forma inadequada. Portanto, se deseja evitar problemas legais, a melhor op\u00e7\u00e3o \u00e9 contar com uma&nbsp;<strong>Assessoria e Consultoria Fiscal<\/strong>.<\/p>\n<p>Contando com essa assessoria tribut\u00e1ria, \u00e9 poss\u00edvel checar a precis\u00e3o dos procedimentos utilizados na apura\u00e7\u00e3o e recolhimento de tributos diretos e indiretos. Deste modo, o servi\u00e7o tem como objetivo o cumprimento das obriga\u00e7\u00f5es de sua empresa, considerando todas as altera\u00e7\u00f5es na legisla\u00e7\u00e3o. Essa \u00e9 uma excelente forma de&nbsp;<strong>reduzir riscos de autua\u00e7\u00e3o fiscal e pagamentos indevidos<\/strong>.<\/p>\n<p>VANTAGENS DA ASSESSORIA E CONSULTORIA FISCAL PARA A SUA EMPRESA<\/p>\n<p>Para n\u00e3o te deixar com d\u00favidas, confira algumas vantagens de contar com o servi\u00e7o de assessoria e consultoria fiscal:<\/p>\n<ul>\n<li><strong>Uma parceira para resolver problemas:<\/strong>&nbsp;com uma assessoria e consultoria tribut\u00e1ria, voc\u00ea ter\u00e1 uma parceira especializada no seu neg\u00f3cio e preparada para te ajudar das melhores formas poss\u00edveis.<\/li>\n<li><strong>Minimizando riscos operacionais:<\/strong>&nbsp;a consultoria pode redesenhar os processos da sua empresa de forma mais sistem\u00e1tica, minimizando assim, os riscos das suas opera\u00e7\u00f5es.<\/li>\n<li><strong>Mais seguran\u00e7a aliada a mais tempo:<\/strong>&nbsp;as leis sobre tributos no Brasil s\u00e3o complexas e \u00e9 natural ter d\u00favidas em rela\u00e7\u00e3o ao que deve ser feito. A assessoria \u00e9 um excelente jeito de ficar ciente de todas as suas obriga\u00e7\u00f5es.<\/li>\n<li><strong>N\u00e3o pague tributos desnecess\u00e1rios:<\/strong>&nbsp;infelizmente, a falta de informa\u00e7\u00e3o pode resultar no recolhimento de impostos inadequados para o seu neg\u00f3cio. Revisando todas as opera\u00e7\u00f5es e processos da cadeia fiscal, \u00e9 perfeitamente poss\u00edvel gerar uma economia tribut\u00e1ria.<\/li>\n<\/ul>\n<div>\n<p><span style=\"letter-spacing: 0.1px;\">PORQUE ESCOLHER A MILAN CONTABILIDADE DIGITAL PARA FAZER A ASSESSORIA E CONSULTORIA FISCAL DA SUA EMPRESA?<\/span><\/p>\n<\/div>\n<p>Um servi\u00e7o de confian\u00e7a une diversos pilares: conhecimento e seguran\u00e7a da prestadora, a sua experi\u00eancia no mercado e um atendimento diferenciado para os seus clientes. Todas as solu\u00e7\u00f5es disponibilizadas pela Milan Contabilidade Digital respeitam esses preceitos. A contabilidade preza por \u201centender para atender\u201d e \u00e9 justamente por isso que ela \u00e9 a escolha ideal para a sua empresa. O time da Milan est\u00e1 preparado para realizar a&nbsp;<strong>assessoria e consultoria fiscal<\/strong>&nbsp;para o seu neg\u00f3cio.<\/p>\n<p>Independente do cen\u00e1rio pol\u00edtico do Brasil no momento, as exig\u00eancias e obrigatoriedade fiscais est\u00e3o presentes e cada vez mais minuciosas e em constantes altera\u00e7\u00f5es. Somente com uma equipe de profissionais devidamente atualizado \u00e9 que se consegue ter um departamento fiscal sem falhas e sem sustos em suas opera\u00e7\u00f5es de compra e venda de produtos e\/ou presta\u00e7\u00e3o de servi\u00e7os.<\/p>\n<p>Somente a pr\u00e1tica do dia-a-dia e a continuidade dos estudos dentro da \u00e1rea fiscal \u00e9 que garantem a tranquilidade do amparo legal do departamento fiscal aos seus clientes. Confira os trabalhos executados pela Milan:<\/p>\n<ul>\n<li>Registro eletr\u00f4nico de documentos fiscais;<\/li>\n<li>An\u00e1lise eletr\u00f4nica de registros para mitigar problemas, seja na escritura\u00e7\u00e3o ou na emiss\u00e3o de documentos fiscais;<\/li>\n<li>Apura\u00e7\u00e3o de impostos pertinentes e conforme a atividade da empresa;<\/li>\n<li>Obriga\u00e7\u00f5es acess\u00f3rias variadas, como GIA, Difal, Sped Fiscal, Siscoserv, entre outros;<\/li><li>Acompanhamento mensal por meio de pesquisas em \u00f3rg\u00e3os oficiais de eventuais pend\u00eancias.<\/li>\n<\/ul><div><br><\/div><div><br><\/div><div><br><\/div><div><br><\/div><div><br><\/div><div><br><\/div><div><br><\/div>\t\t\t\t\t\t\t\t<\/div>\n\t\t\t\t<\/div>\n\t\t\t\t\t<\/div>\n\t\t<\/div>\n\t\t\t\t\t<\/div>\n\t\t<\/section>\n\t\t\t\t\t<\/div>\n\t\t<\/div>\n\t\t\t\t\t<\/div>\n\t\t<\/section>\n\t\t\t\t<section class=\"elementor-section elementor-top-section elementor-element elementor-element-3e5fb72 elementor-section-full_width elementor-section-height-default elementor-section-height-default\" data-id=\"3e5fb72\" data-element_type=\"section\">\n\t\t\t\t\t\t<div class=\"elementor-container elementor-column-gap-default\">\n\t\t\t\t\t<div class=\"elementor-column elementor-col-100 elementor-top-column elementor-element elementor-element-c80ec9e\" data-id=\"c80ec9e\" data-element_type=\"column\">\n\t\t\t<div class=\"elementor-widget-wrap\">\n\t\t\t\t\t\t\t<\/div>\n\t\t<\/div>\n\t\t\t\t\t<\/div>\n\t\t<\/section>\n\t\t\t\t<\/div>\n\t\t","protected":false},"excerpt":{"rendered":"<p>Assessoria e Consultoria Fiscal O Brasil \u00e9 um dos pa\u00edses mais complexos quando o assunto s\u00e3o as obriga\u00e7\u00f5es tribut\u00e1rias de uma empresa. O alto grau de burocracia e de leis [&hellip;]<\/p>\n","protected":false},"author":1,"featured_media":0,"parent":0,"menu_order":0,"comment_status":"closed","ping_status":"closed","template":"elementor_header_footer","meta":{"om_disable_all_campaigns":false,"_monsterinsights_skip_tracking":false,"_monsterinsights_sitenote_active":false,"_monsterinsights_sitenote_note":"","_monsterinsights_sitenote_category":0,"_joinchat":[],"footnotes":""},"class_list":["post-22","page","type-page","status-publish","hentry","rishi-post","no-post-thumbnail"],"rishi__cb_customizer_meta":"","aioseo_notices":[],"_links":{"self":[{"href":"https:\/\/milancontabilidade.com.br\/index.php\/wp-json\/wp\/v2\/pages\/22","targetHints":{"allow":["GET"]}}],"collection":[{"href":"https:\/\/milancontabilidade.com.br\/index.php\/wp-json\/wp\/v2\/pages"}],"about":[{"href":"https:\/\/milancontabilidade.com.br\/index.php\/wp-json\/wp\/v2\/types\/page"}],"author":[{"embeddable":true,"href":"https:\/\/milancontabilidade.com.br\/index.php\/wp-json\/wp\/v2\/users\/1"}],"replies":[{"embeddable":true,"href":"https:\/\/milancontabilidade.com.br\/index.php\/wp-json\/wp\/v2\/comments?post=22"}],"version-history":[{"count":20,"href":"https:\/\/milancontabilidade.com.br\/index.php\/wp-json\/wp\/v2\/pages\/22\/revisions"}],"predecessor-version":[{"id":7563,"href":"https:\/\/milancontabilidade.com.br\/index.php\/wp-json\/wp\/v2\/pages\/22\/revisions\/7563"}],"wp:attachment":[{"href":"https:\/\/milancontabilidade.com.br\/index.php\/wp-json\/wp\/v2\/media?parent=22"}],"curies":[{"name":"wp","href":"https:\/\/api.w.org\/{rel}","templated":true}]}}